tens digit of 12790?
9
What is the units digit of 1956?
6
What is the thousands digit of 10840?
0
What is the hundreds digit of 45216?
2
What is the ten thousands digit of 37313?
3
What is the ten thousands digit of 28234?
2
What is the tens digit of 4323?
2
What is the units digit of 723?
3
What is the ten thousands digit of 138775?
3
What is the hundreds digit of 2529?
5
What is the units digit of 543?
3
What is the units digit of 29615?
5
What is the units digit of 3561?
1
What is the units digit of 71886?
6
What is the hundred thousands digit of 102473?
1
What is the hundreds digit of 16288?
2
What is the tens digit of 11184?
8
What is the units digit of 569?
9
What is the tens digit of 72082?
8
What is the tens digit of 14124?
2
What is the thousands digit of 7629?
7
What is the units digit of 1796?
6
What is the thousands digit of 82688?
2
What is the units digit of 7337?
7
What is the tens digit of 4287?
8
What is the ten thousands digit of 49800?
4
What is the hundreds digit of 4630?
6
What is the hundreds digit of 548?
5
What is the tens digit of 14711?
1
What is the tens digit of 6978?
7
What is the units digit of 62?
2
What is the tens digit of 141?
4
What is the thousands digit of 2732?
2
What is the tens digit of 19617?
1
What is the hundreds digit of 292?
2
What is the tens digit of 1660?
6
What is the tens digit of 175?
7
What is the tens digit of 128685?
8
What is the hundreds digit of 3771?
7
What is the thousands digit of 22657?
2
What is the units digit of 12581?
1
What is the hundreds digit of 1047?
0
What is the thousands digit of 15460?
5
What is the units digit of 10659?
9
What is the ten thousands digit of 32775?
3
What is the hundred thousands digit of 109039?
1
What is the tens digit of 8606?
0
What is the hundreds digit of 4402?
4
What is the units digit of 245?
5
What is the tens digit of 2147?
4
What is the thousands digit of 21775?
1
What is the hundreds digit of 587?
5
What is the tens digit of 1043?
4
What is the ten thousands digit of 41130?
4
What is the ten thousands digit of 27969?
2
What is the thousands digit of 39529?
9
What is the tens digit of 809?
0
What is the tens digit of 177?
7
What is the ten thousands digit of 13660?
1
What is the hundreds digit of 2629?
6
What is the thousands digit of 144155?
4
What is the units digit of 769?
9
What is the hundreds digit of 14843?
8
What is the thousands digit of 20637?
0
What is the ten thousands digit of 19591?
1
What is the hundreds digit of 45769?
7
What is the thousands digit of 95220?
5
What is the tens digit of 10244?
4
What is the units digit of 209?
9
What is the tens digit of 4660?
6
What is the tens digit of 4033?
3
What is the thousands digit of 37473?
7
What is the thousands digit of 1262?
1
What is the tens digit of 5619?
1
What is the units digit of 9064?
4
What is the units digit of 1348?
8
What is the tens digit of 45355?
5
What is the ten thousands digit of 15804?
1
What is the units digit of 39509?
9
What is the tens digit of 75953?
5
What is the hundreds digit of 44457?
4
What is the hundreds digit of 48563?
5
What is the units digit of 73079?
9
What is the tens digit of 2027?
2
What is the hundreds digit of 1007?
0
What is the thousands digit of 1674?
1
What is the units digit of 683?
3
What is the tens digit of 762?
6
What is the hundreds digit of 148?
1
What is the units digit of 853?
3
What is the units digit of 18888?
8
What is the thousands digit of 15677?
5
What is the units digit of 241?
1
What is the hundreds digit of 11771?
7
What is the thousands digit of 93806?
3
What is the hundreds digit of 10315?
3
What is the tens digit of 652?
5
What is the ten thousands digit of 12868?
1
What is the units digit of 3707?
7
What is the hundreds digit of 307?
3
What is the units digit of 24679?
9
What is the hundreds digit of 3259?
2
What is the thousands digit of 18399?
8
What is the tens digit of 5477?
7
What is the thousands digit of 1473?
1
What is the thousands digit of 1848?
1
What is the thousands digit of 5387?
5
What is the hundreds digit of 2056?
0
What is the tens digit of 571?
7
What is the tens digit of 16983?
8
What is the units digit of 2649?
9
What is the tens digit of 77507?
0
What is the tens digit of 6191?
9
What is the units digit of 2858?
8
What is the hundreds digit of 18138?
1
What is the ten thousands digit of 35810?
3
What is the hundreds digit of 110769?
7
What is the hundreds digit of 6356?
3
What is the units digit of 26492?
2
What is the units digit of 4390?
0
What is the thousands digit of 1151?
1
What is the tens digit of 2411?
1
What is the ten thousands digit of 32411?
3
What is the tens digit of 22071?
7
What is the thousands digit of 27307?
7
What is the hundreds digit of 10906?
9
What is the units digit of 3798?
8
What is the units digit of 394?
4
What is the ten thousands digit of 13658?
1
What is the hundreds digit of 2006?
0
What is the hundreds digit of 2692?
6
What is the hundreds digit of 400?
4
What is the tens digit of 1286?
8
What is the tens digit of 375?
7
What is the units digit of 76993?
3
What is the hundreds digit of 45692?
6
What is the units digit of 1764?
4
What is the thousands digit of 3681?
3
What is the hundreds digit of 1495?
4
What is the ten thousands digit of 15802?
1
What is the units digit of 1169?
9
What is the hundreds digit of 3832?
8
What is the hundreds digit of 7345?
3
What is the tens digit of 13383?
8
What is the hundreds digit of 2925?
9
What is the thousands digit of 6427?
6
What is the hundreds digit of 9180?
1
What is the hundreds digit of 5729?
7
What is the units digit of 8912?
2
What is the thousands digit of 16506?
6
What is the thousands digit of 12382?
2
What is the hundreds digit of 16384?
3
What is the thousands digit of 13556?
3
What is the ten thousands digit of 94177?
9
What is the hundreds digit of 43982?
9
What is the tens digit of 13598?
9
What is the units digit of 64016?
6
What is the units digit of 13336?
6
What is the hundreds digit of 231?
2
What is the tens digit of 1382?
8
What is the hundreds digit of 395?
3
What is the thousands digit of 4433?
4
What is the units digit of 172?
2
What is the tens digit of 175725?
2
What is the tens digit of 14768?
6
What is the ten thousands digit of 16042?
1
What is the hundreds digit of 2439?
4
What is the hundreds digit of 12246?
2
What is the tens digit of 541?
4
What is the tens digit of 6085?
8
What is the ten thousands digit of 94910?
9
What is the hundreds digit of 2996?
9
What is the thousands digit of 1502?
1
What is the units digit of 117312?
2
What is the units digit of 16667?
7
What is the hundreds digit of 856?
8
What is the units digit of 71414?
4
What is the ten thousands digit of 21126?
2
What is the tens digit of 14090?
9
What is the tens digit of 6257?
5
What is the hundreds digit of 434?
4
What is the thousands digit of 5573?
5
What is the ten thousands digit of 20190?
2
What is the tens digit of 4329?
2
What is the tens digit of 12751?
5
What is the ten thousands digit of 31649?
3
What is the units digit of 6234?
4
What is the tens digit of 160295?
9
What is the hundred thousands digit of 177391?
1
What is the ten thousands digit of 33835?
3
What is the units digit of 3073?
3
What is the tens digit of 1148?
4
What is the thousands digit of 7636?
7
What is the ten thousands digit of 80387?
8
What is the tens digit of 74679?
7
What is the tens digit of 999?
9
What is the tens digit of 3429?
2
What is the hundred thousands digit of 100082?
1
What is the tens digit of 7645?
4
What is the tens digit of 891?
9
What is the units digit of 7256?
6
What is the thousands digit of 7192?
7
What is the ten thousands digit of 53027?
5
What is the ten thousands digit of 16445?
1
What is the tens digit of 4664?
6
What is the tens digit of 37?
3
What is the hundreds digit of 34984?
9
What is the units digit of 24394?
4
What is the tens digit of 2379?
7
What is the tens digit of 1583?
8
What is the tens digit of 851?
5
What is the hundreds digit of 316?
3
What is the tens digit of 78?
7
What is the tens digit of 28438?
3
What is the units digit of 1017?
7
What is the thousands digit of 17558?
7
What is the units digit of 170?
0
What is the units digit of 8275?
5
What is the units digit of 843?
3
What is the